st the prime factors of 3728153220.
2, 3, 5, 11, 5648717
List the prime factors of 15641008.
2, 41, 113, 211
List the prime factors of 120880854.
2, 3, 137, 49019
List the prime factors of 1299878256.
2, 3, 67, 404191
List the prime factors of 31421853.
3, 3491317
What are the prime factors of 183911035?
5, 7, 11, 41, 61, 191
What are the prime factors of 537825605?
5, 107565121
List the prime factors of 6352801079.
33181, 191459
List the prime factors of 9591282.
2, 3, 532849
What are the prime factors of 13858540?
2, 5, 692927
List the prime factors of 461868836.
2, 11, 13, 807463
What are the prime factors of 86429420?
2, 5, 7, 11, 56123
What are the prime factors of 129938945?
5, 59, 440471
What are the prime factors of 483740621?
7, 13, 79, 67289
List the prime factors of 108420323.
11, 37, 487, 547
What are the prime factors of 27793239?
3, 157, 59009
List the prime factors of 717641010.
2, 3, 5, 31, 257219
List the prime factors of 422520581.
7, 199, 43331
What are the prime factors of 141800665?
5, 31, 914843
What are the prime factors of 1746346910?
2, 5, 7, 11, 2267983
What are the prime factors of 144370872?
2, 3, 2005151
List the prime factors of 224566451.
241, 931811
What are the prime factors of 582718420?
2, 5, 853, 34157
List the prime factors of 326888303.
7, 37, 241, 5237
What are the prime factors of 1758445134?
2, 3, 293074189
List the prime factors of 244223836.
2, 17, 73, 49199
What are the prime factors of 5636174889?
3, 1877, 1000919
What are the prime factors of 192479715?
3, 5, 4277327
What are the prime factors of 165529319?
563, 294013
List the prime factors of 4369006.
2, 2184503
List the prime factors of 343257549.
3, 67, 599, 2851
List the prime factors of 211326189.
3, 19, 3707477
List the prime factors of 342023956.
2, 139, 615151
What are the prime factors of 34377280?
2, 5, 7, 103, 149
List the prime factors of 33690511.
33690511
What are the prime factors of 362182378?
2, 43, 4211423
What are the prime factors of 42768184?
2, 5346023
List the prime factors of 424369819.
31, 1811, 7559
List the prime factors of 2214073121.
13, 29, 5872873
List the prime factors of 1228225480.
2, 5, 30705637
What are the prime factors of 110602521?
3, 59, 208291
What are the prime factors of 132019857?
3, 14668873
What are the prime factors of 3148014735?
3, 5, 43, 1626881
What are the prime factors of 542241648?
2, 3, 13, 96553
What are the prime factors of 323001835?
5, 13, 151, 32909
What are the prime factors of 232216377?
3, 271, 285629
What are the prime factors of 48191902?
2, 11, 2190541
What are the prime factors of 50330439?
3, 1613, 3467
What are the prime factors of 2556027?
3, 284003
What are the prime factors of 110090833?
257, 428369
List the prime factors of 429533546.
2, 13, 16520521
What are the prime factors of 87755618?
2, 691, 63499
What are the prime factors of 54792636?
2, 3, 4566053
What are the prime factors of 1327253262?
2, 3, 59, 89, 103, 409
What are the prime factors of 30114201?
3, 13, 772159
What are the prime factors of 543817206?
2, 3, 53, 139, 1367
List the prime factors of 189038364.
2, 3, 15753197
What are the prime factors of 1055893602?
2, 3, 67, 197, 199
What are the prime factors of 367225154?
2, 11059, 16603
List the prime factors of 285775677.
3, 11, 97, 29759
What are the prime factors of 196529992?
2, 24566249
List the prime factors of 209675997.
3, 109, 213737
List the prime factors of 1908020569.
7, 13, 20967259
What are the prime factors of 306749267?
11, 27886297
What are the prime factors of 19376213?
179, 108247
What are the prime factors of 18251644?
2, 367, 12433
What are the prime factors of 2832345896?
2, 354043237
What are the prime factors of 380603053?
37, 1097, 9377
List the prime factors of 3775724360.
2, 5, 31, 653, 4663
What are the prime factors of 770739269?
23, 367, 91309
What are the prime factors of 20286724?
2, 373, 13597
What are the prime factors of 83545963?
37, 61027
List the prime factors of 4418627379.
3, 1472875793
List the prime factors of 59583218.
2, 137, 217457
List the prime factors of 611146628.
2, 19, 8041403
List the prime factors of 6828988269.
3, 2276329423
What are the prime factors of 1828909477?
1828909477
What are the prime factors of 27724603?
17, 1630859
List the prime factors of 11375115.
3, 5, 758341
List the prime factors of 557618941.
11, 149, 157, 197
What are the prime factors of 34200627?
3, 19, 600011
List the prime factors of 238852763.
238852763
What are the prime factors of 27882883?
7, 773, 5153
What are the prime factors of 138195861?
3, 31, 149, 9973
List the prime factors of 1264306840.
2, 5, 31607671
What are the prime factors of 1154033912?
2, 1013, 142403
List the prime factors of 1709833959.
3, 19, 73, 136973
List the prime factors of 119601117.
3, 997, 1481
List the prime factors of 574706646.
2, 3, 1429, 22343
List the prime factors of 58494008.
2, 17, 19, 22637
What are the prime factors of 556568350?
2, 5, 13, 43, 19913
What are the prime factors of 2140861485?
3, 5, 7, 20389157
List the prime factors of 8781112114.
2, 4483, 979379
What are the prime factors of 1016241878?
2, 17, 103, 290189
What are the prime factors of 4097635094?
2, 7, 431, 13859
List the prime factors of 1368981917.
29, 31, 919, 1657
List the prime factors of 48279478.
2, 13, 1856903
List the prime factors of 6396693152.
2, 59, 113, 29983
List the prime factors of 70005066.
2, 3, 11667511
What are the prime factors of 220598385?
3, 5, 7, 43, 48859
What are the prime factors of 305927066?
2, 152963533
What are the prime factors of 125088844?
2, 31, 1008781
List the prime factors of 446632814.
2, 23, 97, 199, 503
What are the prime factors of 6756194?
2, 107, 131, 241
List the prime factors of 138260222.
2, 23, 43, 69899
What are the prime factors of 113820340?
2, 5, 911, 6247
What are the prime factors of 47188158?
2, 3, 17, 462629
List the prime factors of 153209576.
2, 13, 17, 193, 449
List the prime factors of 1314436153.
1314436153
List the prime factors of 532763983.
532763983
What are the prime factors of 2510699?
61, 79, 521
List the prime factors of 607354612.
2, 101, 1503353
List the prime factors of 597937019.
8819, 67801
What are the prime factors of 3343366527?
3, 9479, 117571
List the prime factors of 8578174.
2, 11, 35447
List the prime factors of 405715515.
3, 5, 23, 47, 131, 191
List the prime factors of 23620879.
41, 576119
What are the prime factors of 160822433?
79, 241, 8447
List the prime factors of 98044642.
2, 3847, 12743
What are the prime factors of 2030331143?
31, 83, 789091
List the prime factors of 2174064237.
3, 41, 5891773
List the prime factors of 39716577.
3, 37, 41, 2909
List the prime factors of 1424896531.
17, 83817443
What are the prime factors of 122212439?
17, 73, 98479
List the prime factors of 770307032.
2, 11, 8753489
What are the prime factors of 103708773?
3, 7, 1646171
What are the prime factors of 235227321?
3, 7, 577, 719
What are the prime factors of 279150629?
31, 53, 71, 2393
List the prime factors of 123614286.
2, 3, 641, 32141
List the prime factors of 198208676.
2, 251, 197419
List the prime factors of 4749917448.
2, 3, 13241, 14947
List the prime factors of 417342496.
2, 139, 93827
What are the prime factors of 3659317724?
2, 641, 1427191
List the prime factors of 153158098.
2, 7247, 10567
What are the prime factors of 54161800?
2, 5, 7, 11, 3517
List the prime factors of 39884296.
2, 67, 74411
List the prime factors of 118654672.
2, 7415917
What are the prime factors of 105014676?
2, 3, 13, 353, 1907
What are the prime factors of 1063158702?
2, 3, 31, 479, 11933
List the prime factors of 275204199.
3, 283, 324151
What are the prime factors of 56443212?
2, 3, 7, 67, 3343
List the prime factors of 17193661.
227, 75743
List the prime factors of 228027149.
7, 32575307
What are the prime factors of 16112842?
2, 1279, 6299
List the prime factors of 116350895.
5, 71, 179, 1831
What are the prime factors of 6296433542?
2, 7, 29, 61, 97, 2621
What are the prime factors of 3352249522?
2, 71, 2857, 8263
What are the prime factors of 86325878?
2, 43162939
What are the prime factors of 5086534674?
2, 3, 13, 17, 47, 4801
List the prime factors of 66182197.
2843, 23279
What are the prime factors of 15